mainder when 37 is divided by ((-30)/(-8))/(l/32)?
7
Let m(d) = -d**3 + d**2 - 7*d - 35. Suppose 22 - 144 = -2*c. Calculate the remainder when c is divided by m(-3).
17
Let t = 34 - 20. Suppose 0 = -5*c + 4*v + 293 - 30, 2*v - 281 = -5*c. Calculate the remainder when c is divided by t.
13
Let v = 64 + -10. Suppose -3*o + 5*r = -474, -33*r = -9*o - 36*r + 1422. Calculate the remainder when o is divided by v.
50
Suppose 4*s = -2*x - 58, -4*x + s = 4*s + 106. Calculate the remainder when (-5)/x*33 + 4/10 is divided by 3.
1
Suppose 4*k - 3*h = -2*h + 50, -2*k + 22 = h. Suppose -10194*c = -10176*c - 828. What is the remainder when c is divided by k?
10
Suppose 5*s - 3*j = 29, 0 = 4*s - 7*s - 4*j. Let w(r) = 3*r - 3*r + 5*r - 4 - r. What is the remainder when 33 is divided by w(s)?
9
Let c(k) = -k**3 + 4*k**2 - k - 4. Let i be c(3). Suppose i*w = 5*w - 48. Suppose -3*t = -w - 2. What is the remainder when 11 is divided by t?
5
Suppose 5*h - 7 = -32. Let f = 20 + -6. What is the remainder when (-447)/(-18) + h/(-30) is divided by f?
11
Let h(t) = -4*t + 13. Let j be h(14). Let f = j + 19. Let w = f + 34. What is the remainder when w is divided by 6?
4
What is the remainder when 74 is divided by (2 - (-14)/(-10)) + 14484/510?
16
Let r be (-6)/8*(-24)/9. Let z be r*(0 + (1 - 2)). Let v = z + 41. What is the remainder when v is divided by 10?
9
Suppose 4*g - 24 - 32 = 0. Suppose -4*t - 2*u = 2, -2*t = 10*u - 5*u + 21. Calculate the remainder when (-10)/4*44/((-4)/t) is divided by g.
13
Let f(s) = 3*s - 7 + 3 - 1 - s**3 - 8*s**2 + 3*s. Let c be f(-7). Let j = 186 + c. What is the remainder when j is divided by 31?
28
Let m(t) = t - 1. Let x be 1/6 + 69/18. Let i be m(x). Suppose -2*h = -5*h + 6, 5*h = i*k - 32. Calculate the remainder when 41 is divided by k.
13
Suppose -4 = -4*c + 2*c. Suppose -4*m + 14 = b - 10, -c*m = -2*b - 2. Suppose 738 = 1030*f - 989*f. What is the remainder when f is divided by m?
3
Let l = -24 + 28. Suppose l*q - 26 = 2*q. What is the remainder when q is divided by 3?
1
Suppose -12 = -5*g + g. Let o = -29 + 20. Calculate the remainder when 6/(o/3) + (-39)/(-3) is divided by g.
2
Let j(u) = 8*u - 2. Let p(k) = 8*k - 3. Let q(t) = -4*j(t) + 3*p(t). Let r = 2 - 4. Calculate the remainder when 27 is divided by q(r).
12
Let s(k) = k**2 - 5*k - 3. Let h be s(-1). What is the remainder when (-1)/h*(-55 + -2) is divided by 6?
1
Let w = 810 + -20. What is the remainder when w is divided by 61?
58
Let b(f) = -f**2 - 23*f - 16. What is the remainder when b(-20) is divided by 15?
14
Suppose 0 = 3*k + c - 119, 3*k - c - 38 = 77. Suppose 3*r - 3*p - 27 = -0*p, 0 = -r - 5*p - 3. What is the remainder when k is divided by r?
4
Let b = -2 + 14. Suppose -160 = 14*x - 34*x. What is the remainder when b is divided by x?
4
Suppose 3*t = 4*d - 5, 0*t + 5*t = 5. Calculate the remainder when 6 is divided by d.
0
Suppose -998 = 8*m - 1142. What is the remainder when 1672 is divided by m?
16
Let c = -295 - -94. Let j be -2*(-1 - 0*1/(-1)). Calculate the remainder when 43 is divided by j/(-6) + c/(-9).
21
Let h(a) = 7*a**2 + a - 5. Suppose -3*r + 0 = 9. Let y be h(r). What is the remainder when 0/(3 + -6) + y is divided by 29?
26
Let u = 356 + 464. Calculate the remainder when u is divided by 33.
28
Suppose -4*f + 3*n + 49 = 0, -4*f + 0*f + 39 = -5*n. Let t = 4 + -4. What is the remainder when t/(-2) + (-5 - -2) - -33 is divided by f?
14
Suppose 3*c - 6 = x + 8, -4*x + 46 = 5*c. Suppose -z + c = z. Suppose m - 51 = -p, 9 = 5*m + z*p - 250. What is the remainder when m is divided by 27?
26
Let k(y) = 2*y**2 + 7*y. Let x be k(5). Let c = x + -6. Suppose 15*w = 12*w + 60. Calculate the remainder when c is divided by w.
19
Let j(a) = 4*a + 86. Calculate the remainder when 27 is divided by j(-18).
13
Let y be ((-1)/(-1))/(4/20). Suppose 2*h - 35 = -v, y*h - v = 4*v + 95. What is the remainder when h is divided by 10?
8
Let g(y) = 341*y + 1. Let d be g(4). Calculate the remainder when 65 is divided by (-6)/8 - d/(-60).
21
Let g(a) = a**2 - 19*a + 19. Suppose -36*d + 460 = -152. Calculate the remainder when g(20) is divided by d.
5
Suppose 66*q + 66 = 67*q. Calculate the remainder when (q/(-15) - 4)*(-5 + 0) is divided by 12.
6
What is the remainder when 304 is divided by 450/(-100)*(-52)/3?
70
Suppose 0 = -3*v + 3*u + 966, -v + 6*u = 2*u - 322. What is the remainder when v is divided by 37?
26
Suppose -10 = -3*u - 10. Calculate the remainder when 52 is divided by (140/(-7))/(-1*(u - -1)).
12
Suppose 37 + 53 = 9*j. What is the remainder when 53 is divided by j?
3
Suppose 8*f + 2 = -14. Calculate the remainder when 103 is divided by (16/12)/(f/(-39)).
25
Suppose 0 = 37*a - 18*a - 361. Let m(n) = -n**2 - 17*n + 2. Calculate the remainder when m(-8) is divided by a.
17
Let g(x) = 2*x**2 + 4*x - 1. Let y(f) = f + 1. Let b be y(-4). Let j be g(b). Suppose 0*q = j*q - 220. Calculate the remainder when q is divided by 15.
14
Let o be (-2)/7 - (-93)/7. Let r = o - -33. What is the remainder when r is divided by 25?
21
Suppose -39*s = 2*j - 42*s - 239, j = -5*s + 139. Calculate the remainder when j is divided by 19.
10
Suppose -5*g = 10, 6 = q - 2*q - 4*g. Suppose o - 2*b = -2*o + 63, -2*o + q*b + 42 = 0. What is the remainder when o is divided by 2?
1
Let h be (-4)/(-8) - (-13)/(-2). What is the remainder when 7 is divided by 4/h*3 + -1 + 6?
1
Suppose 554*a - 5166 = 540*a. What is the remainder when a is divided by 103?
60
Let n = 104 + 45. What is the remainder when n is divided by 38?
35
Let r = -254 - -257. What is the remainder when 25 is divided by r?
1
Let m(w) = 2*w + 7. Let r be m(-2). Suppose -4*b + 22 = -2*t + 4*t, 5*b + r*t - 25 = 0. Calculate the remainder when 21 is divided by b.
5
Let c(f) = 2*f**3 - 10*f**2 + 11*f - 7. Calculate the remainder when 265 is divided by c(6).
3
Let z(d) = 1. Let x(u) = 4*u**2 - 7*u + 2. Let i(f) = x(f) + 3*z(f). Let q(j) = -j**2 - 16*j + 123. Calculate the remainder when i(5) is divided by q(-21).
16
Let y(n) = n**3 - 16*n**2 - 15*n + 18. Let v be y(17). Suppose -i = -0*i, 4*z - i - v = 0. Calculate the remainder when 34 is divided by z.
8
Let y be -4 - (-2 - (2 + 1)). Let k(i) = -i**2 - i + 3. Let f be k(-3). What is the remainder when (31/f)/(y/(-3)) is divided by 11?
9
What is the remainder when -1 - 3 - 24*(-126)/4 is divided by 247?
11
What is the remainder when (-10)/(-16) + (-2049)/(-24) is divided by ((-19)/(-3) - -1)*3?
20
Suppose 33 = b - 4*g, -5*b - g = 21 - 102. Calculate the remainder when (-439)/(-9) - (-2)/9 is divided by b.
15
Let r(k) = k**3 - 18*k**2 - 21*k - 25. What is the remainder when r(20) is divided by 10?
5
Let v be (-3 + -1)/(-8)*14. Suppose 4*b = v + 1. Calculate the remainder when 364/24 + b/(-12) is divided by 4.
3
Suppose -6*n + 15 = -3*n. Suppose 9 + 4 = 2*k - 5*a, 4*k - n*a = 31. Let c = -2 + k. Calculate the remainder when 19 is divided by c.
5
What is the remainder when (0 - (-2)/6) + (-208)/(-6) is divided by 25?
10
Let t = -77 + 81. Suppose -34 = -t*j - 2. What is the remainder when 25 is divided by j?
1
Let k(n) = -n**2 - 5*n + 14. Let j be k(-7). Suppose j = -0*s - s + 4. Calculate the remainder when 17 is divided by s.
1
Suppose -26*k = -632 + 216. Let u(z) = z**3 + z**2 - z - 3. Calculate the remainder when u(3) is divided by k.
14
Suppose 2*h + 22 = -4*z, 20 + 14 = -3*z - 5*h. Let q be z*16/60*5. Calculate the remainder when 36 is divided by (q + 1)/(-6)*26.
10
Let m(d) be the first derivative of -3*d**2 - 6*d - 10. Calculate the remainder when 33 is divided by m(-3).
9
Calculate the remainder when 339 is divided by (-4 - -3)*1*-34.
33
Let s(u) = 2*u**2 + 5*u - 7. Calculate the remainder when s(-6) is divided by (((-96)/18)/(-8))/((-1)/(-18)).
11
Suppose 0 = -69*o + 82*o - 2730. Calculate the remainder when 640 is divided by o.
10
Let r(k) = k**3 - 5*k**2 - 37*k + 11. What is the remainder when 10 is divided by r(9)?
0
Let b(v) = 2*v**2 + 5*v + 5. Let l be b(-5). Suppose 0 = -2*u - 8 + l. Let y = -6 + u. What is the remainder when 14 is divided by y?
4
Suppose 2*g - 24 + 2 = 0. Suppose n - 2 = g. What is the remainder when 48 is divided by n?
9
What is the remainder when 57 - ((-16)/(-4) + -2) is divided by 33?
22
Let g(d) be the third derivative of d**5/60 + 13*d**4/24 - 13*d**3/